{"id":2234,"date":"2025-05-26T14:19:25","date_gmt":"2025-05-26T12:19:25","guid":{"rendered":"http:\/\/tvbuchs-zh.ch\/wordpress\/?page_id=2234"},"modified":"2025-05-26T21:29:14","modified_gmt":"2025-05-26T19:29:14","slug":"turnveteranen","status":"publish","type":"page","link":"https:\/\/tvbuchs-zh.ch\/wordpress\/turnveteranen\/","title":{"rendered":"Turnveteranen"},"content":{"rendered":"\n<p>Am Sonntagmorgen, 25. Mai 2025 besammelten sich 11 Turnveteranen auf dem Bahnhof Buchs. Unser Ziel war die 103. Kantonale Turnveteranentagung; ein Anlass, bei welchem vor allem die Kameradschaft und das Wiedersehen mit ehemaligen Turner im Vordergrund steht. Mit dem Zug und Bus ging es dem Tagungsort Neftenbach entgegen. Dort erwarte uns ein direkt angereister Turnkamerad und erh\u00f6hte somit die Teilnehmerzahl auf stattliche 12 Ehemalige. Bei Nieselregen marschierten wir zum Festgel\u00e4nde, auf welchem am darauffolgenden Wochenende die Regionalmeisterschaften des Turnverbandes Winterthur stattfinden. Es herrschte noch wenig Betrieb. So war der obligate Apell rasch erledigt und wir konnten uns auf den zugeteilten B\u00e4nken im Festzelt gem\u00fctlich machen. Mit einem ersten Kaffee w\u00e4rmten wir uns auf. Langsam f\u00fcllte sich der Tagungsort.<\/p>\n\n\n\n<p>Der Musikverein Neftenbach er\u00f6ffnete die Tagung. Nach dem Empfang der G\u00e4ste, Ehreng\u00e4ste und der Fahnendelegationen folgten das obligate Turnerlied und die Behandlung der Traktanden. Die Grussbotschaft von der Z\u00fcrcher Regierung durch Regierungsrat Mario Fehr fehlte auch diesmal nicht. In seiner Botschaft zeigte er erneut, wie er mit dem Sport und vor allem aber auch mit dem Turnwesen sehr eng verbunden ist. Danach folgten die Grussworte der Neftenbacher Gemeindepr\u00e4sidentin. Die Ehrungen der verstorbenen Turnkameraden wurde durch den einheimischen Pfarrer Andreas Goerlich eingeleitet. Mit ernsten Worten und witzigen Zwischenbemerkungen verstand er es ausgezeichnet, der Zeremonie einen w\u00fcrdigen Rahmen zu geben, wiederum unterst\u00fctz durch den \u00f6rtlichen Musikverein. Nach der Ehrung der \u00fcber 90-j\u00e4hrigen Turnveteranen und der Orientierung \u00fcber die Beschl\u00fcsse der Obm\u00e4nnerversammlung war die Traktanden erledigt und das feine Mittagessen konnte eingenommen werden. Nach einer kurzen Pause wurden wir mit sehr sch\u00f6nen, eindr\u00fccklichen, turnerischen Darbietungen vom jungen Turnnachwuchs, dem Damenturnverein und dem Turnverein unterhalten; turnerische Leistungen und Showeinlagen die alle Anwesenden mit grossem Applaus quittierten.<\/p>\n\n\n\n<p>Nur allzu schnell hiess es den Festplatz verlassen und zur\u00fcck zu Bus und Zug und die Heimreise antreten. Gegen Abend erreichten wir unseren Heimatbahnhof Buchs und die traditionelle, allj\u00e4hrliche Turnveteranentagung geh\u00f6rt schon wieder der Vergangenheit an.<\/p>\n\n\n\n<p>Turnveteranen Buchs, W\u00e4di Meier<\/p>\n","protected":false},"excerpt":{"rendered":"<p>Am Sonntagmorgen, 25. Mai 2025 besammelten sich 11 Turnveteranen auf dem Bahnhof Buchs. Unser Ziel war die 103. Kantonale Turnveteranentagung; ein Anlass, bei welchem vor allem die Kameradschaft und das Wiedersehen mit ehemaligen Turner im Vordergrund steht. Mit dem Zug und Bus ging es dem Tagungsort Neftenbach entgegen. Dort erwarte uns ein direkt angereister Turnkamerad &hellip; <a href=\"https:\/\/tvbuchs-zh.ch\/wordpress\/turnveteranen\/\" class=\"more-link\">Continue reading<span class=\"screen-reader-text\"> &#8220;Turnveteranen&#8221;<\/span><\/a><\/p>\n","protected":false},"author":1,"featured_media":2800,"parent":0,"menu_order":0,"comment_status":"closed","ping_status":"closed","template":"","meta":{"ngg_post_thumbnail":0,"footnotes":""},"class_list":["post-2234","page","type-page","status-publish","has-post-thumbnail","hentry"],"_links":{"self":[{"href":"https:\/\/tvbuchs-zh.ch\/wordpress\/wp-json\/wp\/v2\/pages\/2234","targetHints":{"allow":["GET"]}}],"collection":[{"href":"https:\/\/tvbuchs-zh.ch\/wordpress\/wp-json\/wp\/v2\/pages"}],"about":[{"href":"https:\/\/tvbuchs-zh.ch\/wordpress\/wp-json\/wp\/v2\/types\/page"}],"author":[{"embeddable":true,"href":"https:\/\/tvbuchs-zh.ch\/wordpress\/wp-json\/wp\/v2\/users\/1"}],"replies":[{"embeddable":true,"href":"https:\/\/tvbuchs-zh.ch\/wordpress\/wp-json\/wp\/v2\/comments?post=2234"}],"version-history":[{"count":7,"href":"https:\/\/tvbuchs-zh.ch\/wordpress\/wp-json\/wp\/v2\/pages\/2234\/revisions"}],"predecessor-version":[{"id":2812,"href":"https:\/\/tvbuchs-zh.ch\/wordpress\/wp-json\/wp\/v2\/pages\/2234\/revisions\/2812"}],"wp:featuredmedia":[{"embeddable":true,"href":"https:\/\/tvbuchs-zh.ch\/wordpress\/wp-json\/wp\/v2\/media\/2800"}],"wp:attachment":[{"href":"https:\/\/tvbuchs-zh.ch\/wordpress\/wp-json\/wp\/v2\/media?parent=2234"}],"curies":[{"name":"wp","href":"https:\/\/api.w.org\/{rel}","templated":true}]}}